
7
Let u be (-4)/6 + (-1)/(18/6). Let d = u - -30. What is the remainder when d is divided by 11?
7
Let v = 1 - -14. Calculate the remainder when -1 + (-12)/(-16) - (-1426)/8 is divided by v.
13
Suppose 2*f - 12 = 4*k, 5*k + 8 = -2. Suppose -f*i + 6 = -18. Let u = -63 - -121. Calculate the remainder when u is divided by i.
10
Let j = 237 + -213. Calculate the remainder when 47 is divided by j.
23
Let y(g) = -2*g**2 + 12*g - 1. Let d be y(-5). Let h = -49 - d. What is the remainder when h is divided by 7?
6
Let z = -5 + 34. Calculate the remainder when 104 is divided by z.
17
What is the remainder when 56 is divided by (-8)/(-76) - (3 - (-718)/(-38))?
8
Let j(a) = a**2 - 24*a - 125. Suppose 0 = 2*d - 3*r - 82, r + 86 = 2*d - 4*r. What is the remainder when d is divided by j(-5)?
18
Suppose -5*i + 2*g = -33 - 11, -4*i = 3*g - 49. Let n = 17 - i. Suppose -p + 0*p + n = 0. Calculate the remainder when p is divided by 5.
2
Let p = -493 - -512. What is the remainder when p is divided by (-4)/(-8) + (-27)/(-6)?
4
Let k = -78 - -113. Let v = -2942 - -2954. What is the remainder when k is divided by v?
11
Let z(h) = 8*h - 4. Let x be z(2). Let c(i) = i**2 - 11*i + 4. Suppose 0 = -3*m + 10 + 2, -3*m = -2*b + 114. Calculate the remainder when b is divided by c(x).
15
Let c be (-5 + 0 + 2)/(-1). Suppose 4*r + 5*g - 2*g = -8, c*g = 3*r + 27. Let z = 13 + r. What is the remainder when 15 is divided by z?
7
Suppose -5*t + 10*t = 5*c - 460, -370 = -4*c + 5*t. Suppose 2*b + 84 = c. Suppose -17 - 23 = -5*w. What is the remainder when w is divided by b?
2
Let q be (-2)/(-5) - 192/30. What is the remainder when q/(-30) + 448/10 is divided by 16?
13
Let p(m) = -m + 13. Let f be p(-5). Calculate the remainder when 106 is divided by ((-39)/26)/((-1)/f).
25
Calculate the remainder when 2/5*(-295)/(-2) is divided by 31.
28
Suppose 0 = 5*k - 4*k - 6. What is the remainder when (-171)/(-6) - (-3)/k is divided by 6?
5
Suppose -18 + 278 = -4*w. Let b = w - -111. Calculate the remainder when b is divided by 12.
10
Let t(n) = 10*n**3 + n**2 - n + 1. Suppose 3*l + l = 2*i + 6, 4*i + 5*l - 14 = 0. Calculate the remainder when 18 is divided by t(i).
7
What is the remainder when 246/(-4)*6*(-13)/117 is divided by 8?
1
Let x = -1070 - -1375. What is the remainder when x is divided by 22?
19
Suppose -2*y - s = -y + 7, 2*y - 3*s = 6. Let q be y/(-4) - (-4675)/44. Let o = -59 + q. Calculate the remainder when o is divided by 17.
14
Let t = -11 - -15. What is the remainder when (-2 - (-2 + 2) - -3)*5 is divided by t?
1
Let z = 213 - -164. Calculate the remainder when z is divided by 10.
7
Let b(f) = -f**3 - 5*f**2 - 6*f - 1. Let c be b(-4). Suppose -c*t - 3 = -10*t. What is the remainder when 3 is divided by t?
0
What is the remainder when 2/4*-14 + (17 - -347) is divided by 14?
7
Let h be ((-91)/(-14))/((-2)/(-4)). Let d = 17 - h. What is the remainder when d/6*-3 - -45 is divided by 23?
20
Suppose -20*p = -34*p + 462. What is the remainder when 460 is divided by p?
31
Let b = 711 + -24. What is the remainder when b is divided by 46?
43
Let h be 4365/30 - 2/(-4). Suppose -h = -11*j + 657. Calculate the remainder when j is divided by 15.
13
Let x = 23 - -60. Suppose j = 2*d - 39, -3*d = d + 3*j - x. Calculate the remainder when 117 is divided by d.
17
Suppose -32 = -2*v - 196. Let j = v - -92. Calculate the remainder when 63 is divided by j.
3
Let i = 268 - 180. Let v = 91 - i. Calculate the remainder when v is divided by (-26)/(-10) - (-4)/10.
0
Calculate the remainder when ((-12)/(-9))/(52/23361) is divided by 12.
11
Suppose -2*j + 125 = -33. What is the remainder when j is divided by 8?
7
Let y(o) = -o + 40. Calculate the remainder when 572 is divided by y(16).
20
Let a = 161 - 132. Calculate the remainder when 141 is divided by a.
25
Suppose 3*v + 18*v = 1281. What is the remainder when 365 is divided by v?
60
Let d be 0 + 1*1/1*-22. Calculate the remainder when d/11 + 1*22 is divided by 13.
7
Let n = -365 - -379. What is the remainder when 123 is divided by n?
11
Let l = 43 - 41. Suppose u + 14 = l*k, -3*k + 23 = 3*u - 16. Calculate the remainder when 15 is divided by k.
6
Let k(n) = 4*n - 8. Let f(m) = -7*m + 16. Let z(h) = 3*f(h) + 5*k(h). Calculate the remainder when 8 is divided by z(5).
2
Let a be 24/10*(2 - -3). Suppose -3*n - 360 = -a*n. Calculate the remainder when 238 is divided by n.
38
Let v = 144 + -142. Let l(w) = 3*w - 4. Let n be l(3). Suppose -2*m + 16 - n = y, 0 = -5*y + v*m + 31. What is the remainder when 20 is divided by y?
6
Let t = -207 - -232. What is the remainder when 123 is divided by t?
23
Let u(y) = 378*y - 2. Let j be u(1). What is the remainder when j/(-20)*(-5)/2 is divided by 6?
5
Calculate the remainder when 55 is divided by (9 + 1)/(0 + 3/6).
15
Suppose -5*g - 52 = -a, 5*g + 31 + 117 = 4*a. Suppose 3*n = 5*n - a. Suppose 2*i + 2*x - n = 7*x, x = -2. What is the remainder when i is divided by 3?
0
Suppose 26 = j + 4*v + 10, -3*v - 126 = -5*j. Suppose 2*z = -3 + 1, 2*m + 3*z = 209. What is the remainder when j is divided by m/12 + (-26)/(-12) + -2?
6
Suppose -2*a + 3*a - 58 = -4*g, -a - 2 = 0. Let x = g - 9. Suppose -36 = 3*t - x*t. Calculate the remainder when 22 is divided by t.
10
Let c(k) = -80*k + 1853. Suppose 0 = d - 72 - 56. Calculate the remainder when d is divided by c(23).
11
Suppose 0 = n - 2*j - 2, -1 = -3*j + 5. Let c(d) = 14*d**2 + d. Suppose -3*o - 1 = -4*o. Calculate the remainder when c(o) is divided by n.
3
Suppose -3*t = -v + 2, -2*v = -v + 3*t - 8. Let d(l) = 4*l - 8. Let o(c) = -c**3 + 6*c**2 + 3*c + 7. Calculate the remainder when o(5) is divided by d(v).
11
Suppose -172 = -23*i + 196. What is the remainder when i is divided by 5?
1
Suppose 4*j - 44 = -2*d, 3*d = 5*j - 88 + 11. What is the remainder when 63 is divided by j?
11
Let p(b) = 19*b - 394. What is the remainder when 177/6 - 1/2 is divided by p(21)?
4
Let p(c) = c**3 - 18*c**2 + 19*c + 17. What is the remainder when p(17) is divided by 18?
15
Let x be 15*-3*8/36. Let v = x - -12. Suppose 2*n - 2*o - v = 4, 0 = -3*n - 4*o + 9. What is the remainder when 8 is divided by n?
2
Let f(o) = -49*o + 785. Calculate the remainder when f(7) is divided by 89.
86
Let w(o) = o**3 - 2*o**2 + o. Let x be w(1). Let b be (7 + x)*(-3 - -4). Suppose f - b = -0. What is the remainder when 26 is divided by f?
5
Let g be (5 + -20)*7/3. Calculate the remainder when (-1554)/g + 6/(-15) is divided by 15.
14
Suppose -1765 = -45*x - 235. What is the remainder when x is divided by (3 + 0)/6*12?
4
Let r = -127 + 359. Suppose 5*o + r = 9*o. Calculate the remainder when o is divided by 15.
13
Suppose 21 = -4*f - 11. Let m = 14 + f. Suppose -4*s + m*s = 48. What is the remainder when s is divided by 5?
4
Let n(k) = -k**3 + 6*k**2 + 11*k - 28. What is the remainder when 63 is divided by n(6)?
25
Let s = -660 - -676. What is the remainder when 311 is divided by s?
7
Suppose 0 = -4*o - 4 - 8. Let g = 3 - o. Suppose 28 = -2*n + g*n. What is the remainder when 26 is divided by n?
5
Let j(c) = -177*c**3 - 3*c**2 + c + 2. Let f be j(-1). Suppose -3*t + f = 4*t. What is the remainder when t is divided by 7?
4
Let c(r) = -r**2 + 12*r + 9. What is the remainder when 247 is divided by c(8)?
1
Suppose 3*g = 5*r + 25, 3*g + 8*r = 3*r + 5. Let x = -283 - -287. Suppose -x*v = -7 - g. Calculate the remainder when 3 is divided by v.
0
Suppose 0 = 5*h + 12 + 23. Let b(y) = y**2 + 6*y - 1. Suppose -4*r + 51 = 7. Calculate the remainder when r is divided by b(h).
5
Calculate the remainder when 791 is divided by (-1 - (-432)/28) + (-44)/(-77).
11
Let s be ((-18)/45)/((-68)/(-70) + -1). Let g = 84 + s. Calculate the remainder when g is divided by 20.
18
Suppose -64*d = -49*d - 600. What is the remainder when 78 is divided by d?
38
Suppose 3*h + h = 2*s - 14, 4*s - 3*h - 23 = 0. Let c(r) = r**2 - 33*r + 284. Calculate the remainder when c(15) is divided by s.
4
Let u = 23 - 21. Suppose 0 = 5*j + u*g - 17 - 54, 4*j + 4*g = 52. Calculate the remainder when j is divided by 9.
6
Let t = 697 + -599. What is the remainder when 1075 is divided by t?
95
Let d(w) = -9*w - 4*w - 14 - 8. Calculate the remainder when d(-5) is divided by 9.
7
Suppose -78 - 472 = -25*r. What is the remainder when 263 is divided by r?
21
Let a(p)